59) + 3*2/m is divided by 28.
27
Suppose 80*b = 78*b - 2, -4*z + 518 = 2*b. Suppose -t = -0*t - 45. What is the remainder when z is divided by t?
40
Let l = -18 - -3. Let k = l + 19. Suppose -q - k*q = -45. Calculate the remainder when 16 is divided by q.
7
What is the remainder when 1079 is divided by (306/(-34))/((-1)/8)?
71
Suppose l - 20 = 3*y, 5*y + 115 = 3*l + 7*y. Let z(o) = -4*o + 2. Calculate the remainder when l is divided by z(-4).
17
Let w = 8 + -11. Let z(p) = -p**3 - 2*p**2 + p - 2. Calculate the remainder when z(w) is divided by (13/39)/((-2)/(-12)).
0
Calculate the remainder when 975 is divided by (-36 + 16)*7/(-2).
65
Let p(r) = -11*r - 1. What is the remainder when 27 is divided by p(-1)?
7
Let t(c) = 9*c + 16. Calculate the remainder when t(22) is divided by 31.
28
Suppose w + w - 28 = 0. Let o = w - 1. Let q = 31 - o. What is the remainder when 69 is divided by q?
15
Suppose 2*i - a = -2*a - 22, 0 = -5*a. Let v = 15 + i. Suppose 3*m = 2*o - 58 + v, 4*o + m = 80. What is the remainder when 81 is divided by o?
18
Let d(n) = -n**2 - 31*n - 176. What is the remainder when 414 is divided by d(-12)?
50
What is the remainder when 15 is divided by (3 + -8)*-1 - 2?
0
Let u(x) = x + 294. What is the remainder when u(-21) is divided by 70?
63
Suppose 14 = -27*p + 29*p. Let b = 19 - p. Calculate the remainder when 770/(-21)*(-12)/10 is divided by b.
8
Let k = 1443 + -1431. Calculate the remainder when 113 is divided by k.
5
Suppose 62*o - 634 = 234. What is the remainder when 538 is divided by o?
6
Suppose 0 = k - 5*k + 16. Let f be (0 + 2/k)*-14. Let i(h) = -h**3 - 6*h**2 + 2*h + 4. Calculate the remainder when i(f) is divided by 20.
19
Calculate the remainder when 127 is divided by (-5384)/(-84) + 2/(-21).
63
Suppose 41 + 13 = 9*z. Let c = z - -9. What is the remainder when c is divided by 4?
3
Let h(v) = -v**3 - 34*v**2 - 33*v + 5. Let m be h(-33). Suppose 4*w + 236 = m*w. What is the remainder when w is divided by 17?
15
Let g(o) = -23*o**2 + 39*o + 249. What is the remainder when g(0) is divided by (15/(-2))/(-3)*20?
49
Suppose -34*v = -8381 - 15759. Calculate the remainder when v is divided by 65.
60
Let w = -1793 + 1899. Calculate the remainder when w is divided by 9.
7
Calculate the remainder when 1134 is divided by -3*((-17)/85 + 352/(-15)).
69
Suppose -8*j + 4*j + 348 = 0. Let b = j + 145. Calculate the remainder when b is divided by 39.
37
Suppose 375 = -33*y + 36*y. What is the remainder when y is divided by 33?
26
Let v be 8*((-2)/(-4) + 0). Suppose -3*a + z - 2*z = -200, -5*a = -z - 344. Suppose -v*g + a = -0*g. Calculate the remainder when g is divided by 7.
3
Let f = -41 + 41. Suppose f = 4*b - 3*q - 28, 4*b - 44 = -q - 0*q. What is the remainder when 49 is divided by b?
9
Let o = -21 - -26. Suppose o*b - c = 402, -c + 76 = b + c. Let j = -25 + b. What is the remainder when j is divided by 8?
7
Suppose 5*s + 5*y + 15 = 0, 8*s + 5*y = 4*s - 15. Suppose s*d - 15 = -d. Let r(l) = -l**3 + 5*l**2 - 2*l - 2. What is the remainder when d is divided by r(4)?
3
Suppose 5*d - 4*z - 8 = -122, -3*z - 12 = 0. Let k = d - -28. Calculate the remainder when 12 is divided by k.
0
Suppose 14*g = 18*g + 5*t - 50, -5*g = 2*t - 71. Calculate the remainder when 119 is divided by g.
14
Suppose -95*q = -119*q + 4104. What is the remainder when q is divided by 58?
55
Let f(g) = 10*g + 2 - g**3 + 11 + 7*g**2 - 5. Let r be f(8). Suppose b - r = 5. Calculate the remainder when b is divided by 10.
9
Let r(h) = h**3 + 8*h**2 - 2*h - 12. Let m be r(-8). Suppose m*c - 42 - 114 = 0. What is the remainder when 75 is divided by c?
36
Suppose 2*g = -5*j + 65 - 45, -g + 3*j + 21 = 0. What is the remainder when 15 is divided by g?
0
Let h(m) = 3*m**3 - 144*m**2 - m + 80. Suppose o + 3*o + 848 = 0. What is the remainder when h(48) is divided by o/(-12) - (-4)/(-6)?
15
Suppose 0 = -0*b + 2*b - 28. Let g = 55 + -47. Let i = b - g. Calculate the remainder when 10 is divided by i.
4
Let c be (10 - (-5 + 2))*2. Let k = c - 21. What is the remainder when 12 is divided by k?
2
Suppose -2*h = -31 + 7. What is the remainder when ((-8)/(-12) + -1)*(-8 - 130) is divided by h?
10
Suppose -4*t + 137 = -255. Suppose 4*v - 110 = t. Suppose -3*u + 7*u - v = 0. Calculate the remainder when u is divided by 4.
1
Suppose 5*f - 4*h + 12 = 0, 2*h - 5 = -4*f + 1. Suppose -5*x + f*i - 3*i + 105 = 0, 4*i = -3*x + 63. Calculate the remainder when x is divided by 6.
3
Let o be (0 + 3)*(-3 - -1). Let r(m) be the second derivative of m**5/20 + m**4/3 - 7*m**3/3 + 4*m + 75. What is the remainder when 22 is divided by r(o)?
10
Suppose 3*f + f = -4*u + 104, 4*u = -f + 35. Suppose -155*n - 225 = -160*n. Calculate the remainder when n is divided by f.
22
Let t = 9 - -36. Let y = -16207 + 16219. What is the remainder when t is divided by y?
9
Suppose -3*k + 5*f = 191 - 4, -3*f = -5*k - 301. What is the remainder when (1 - k)*16/48 is divided by 11*(2 + -2 - -1)?
9
Let g = -1312 + 1316. What is the remainder when 271 is divided by g?
3
Suppose 4*v - 4*l - l - 27 = 0, 3*v + 4*l + 3 = 0. Suppose -2*y + 53 = v. What is the remainder when ((-12*5)/(-2) + -2)/((-3092)/(-5411)) is divided by y?
24
Suppose -864 = 23*n - 59*n. What is the remainder when 154 is divided by n?
10
Suppose -3*g = a + 2, 0*a + 3*a = 5*g - 6. Let w(x) = 75 - 148 + 74 - 4*x. Calculate the remainder when 35 is divided by w(a).
8
Suppose 4*j = 7*j. What is the remainder when 50 is divided by 19 + 0 + (-2 - j)?
16
Suppose 0 = -q + 5*q - 60. Let j = -72 + 126. What is the remainder when j is divided by q?
9
Suppose 0 = 5*y - y - 96. Let w = 3121 + -3004. Calculate the remainder when w is divided by y.
21
Let b = 42 + -34. What is the remainder when (-19)/((-6)/8 - (-12)/(-48)) is divided by b?
3
Let p = 0 - -3. Suppose 2*v + p*k = 79, -v = 2*v - 5*k - 166. What is the remainder when v is divided by 12?
11
Let k = 6 + 14. Suppose -2*t = -4*t + 118. Let j = -21 + t. Calculate the remainder when j is divided by k.
18
Suppose 16 = s + 3*s. Let t be (s/3)/(9/(-648)). Calculate the remainder when 31 is divided by (t/36)/((-1)/6).
15
Let j = -53 + 95. Suppose 4*v + 12 = 0, 4*y - j - 9 = v. What is the remainder when 44 is divided by y?
8
Suppose -39*c = -0*c - 6747. Calculate the remainder when c is divided by 38.
21
Let m(g) = -35 - 2*g - 4*g - 6*g + 5*g. Calculate the remainder when 81 is divided by m(-9).
25
Suppose 32*k = 50*k - 990. What is the remainder when k is divided by 15?
10
Let i(t) = t**2 + 8*t + 3. Let p be i(-8). Suppose p*v - 105 = 3*j, v + j - 25 = -0*v. Calculate the remainder when 106 is divided by v.
16
Suppose -3*t = 2*c, 2*c - t = c. What is the remainder when 3 + -6 + (3 + 3 - c) is divided by 2?
1
Let o(v) = 5*v + 4. Let s be o(1). What is the remainder when 47 is divided by 3/(-3)*(-5 + s + -29)?
22
Suppose 4*o = -o + 25. Suppose -20 = 5*a + o*l, 0 = 4*a - 2*l + 46 - 6. Let q(c) = -10*c - 8. What is the remainder when q(a) is divided by 15?
12
Suppose 0 = -2*l + 4*l + b - 133, 0 = 5*l - 2*b - 319. What is the remainder when 249 is divided by l?
54
Suppose 10 = p - 0*p - 4*f, -62 = -3*p - 4*f. Calculate the remainder when 47 is divided by p.
11
Let r be 20*(-1 - (0 - 2)). Suppose 3*t - 3*a + a = -31, 0 = 4*a - r. Let c = 1 - t. What is the remainder when 29 is divided by c?
5
Let d = -24 + 71. Let b be ((-6)/15)/((-2)/100). Suppose 0 = 4*i + b, -k + i + 53 = k. What is the remainder when d is divided by k?
23
Suppose 369 = 3*a - 2*a. What is the remainder when a is divided by 126?
117
Suppose 2*n - 27 = -3*a - 0*n, -4*a + 31 = n. Let u = 10 - a. Suppose o + u*d + 1 = -2*d, -3*o + 57 = -5*d. What is the remainder when 27 is divided by o?
13
Suppose -21*l = -124 - 422. Calculate the remainder when 80 is divided by l.
2
What is the remainder when 103 is divided by ((-7)/7)/(0 + (-2)/26)?
12
Suppose 5*w = 7*c - 2*c, 0 = -c + 5*w - 12. Suppose -2*m = -13 + c, 4*m = -3*a + 80. Calculate the remainder when 58 is divided by a.
18
Let i(c) = -c**2 - 20*c - 17. Let n be i(-19). Suppose -5*f - n*p + p = -105, -4*f = -4*p - 60. What is the remainder when 37 is divided by f?
17
Let j = -6 + 10. Suppose j*a = -5*k + 21, a + 2*a = 4*k + 39. Calculate the remainder when 30 is divided by a.
3
Let j = 101 - -76. Calculate th